03 (base 4) to base 8
-1403
Convert 49b (base 15) to base 3.
1102202
Convert 1592 (base 10) to base 8.
3070
Convert 299 (base 11) to base 14.
1b0
What is 447 (base 11) in base 3?
201211
Convert -11331 (base 5) to base 7.
-2311
-3bb (base 13) to base 10
-661
314 (base 15) to base 2
1010110110
What is 2335 (base 16) in base 9?
13324
What is -2134 (base 5) in base 3?
-101220
Convert -5746 (base 10) to base 4.
-1121302
4754 (base 12) to base 4
1330300
Convert -2d49 (base 16) to base 8.
-26511
11202 (base 4) to base 15
189
What is -1c9 (base 13) in base 4?
-11032
a23 (base 11) to base 6
5415
What is 202 (base 3) in base 5?
40
What is -10220313 (base 4) in base 10?
-18999
Convert -13100 (base 5) to base 3.
-1101222
Convert 413 (base 8) to base 9.
326
-1a832 (base 14) to base 16
-1078c
2041 (base 8) to base 9
1404
-43504 (base 6) to base 3
-22020211
-4aa (base 14) to base 5
-12214
-792 (base 12) to base 6
-5102
Convert -2020 (base 7) to base 2.
-1010111100
-1160 (base 10) to base 11
-965
Convert -a2a (base 16) to base 6.
-20014
Convert 32341 (base 5) to base 2.
100010101101
Convert 3361 (base 12) to base 9.
7721
-121310 (base 4) to base 6
-11352
Convert 1085 (base 15) to base 5.
103000
-6a3 (base 12) to base 10
-987
Convert -782 (base 9) to base 15.
-2cb
Convert -194 (base 10) to base 14.
-dc
Convert -2edd (base 16) to base 9.
-17410
What is 534 (base 9) in base 2?
110110100
269a6 (base 11) to base 12
1a321
What is 32442 (base 5) in base 3?
10002020
Convert 6cb (base 14) to base 7.
3644
What is 4012 (base 7) in base 10?
1381
-12331 (base 5) to base 7
-2550
Convert 436 (base 12) to base 4.
21222
What is 1909 (base 16) in base 5?
201114
What is -1000111110100 (base 2) in base 12?
-27b0
Convert -24023 (base 8) to base 14.
-3a4b
What is 880 (base 12) in base 9?
1636
What is 8a55 (base 11) in base 6?
131102
Convert -1313 (base 9) to base 7.
-2604
-1b4 (base 15) to base 5
-3034
-13116 (base 7) to base 12
-2030
3002 (base 6) to base 14
346
Convert 2164 (base 10) to base 9.
2864
What is 10322020 (base 4) in base 12?
b774
What is 20b0 (base 12) in base 13?
1830
What is -159a (base 11) in base 15?
-915
1044 (base 5) to base 10
149
101010001001111 (base 2) to base 16
544f
3691 (base 15) to base 9
16831
331250 (base 6) to base 3
1101202210
-1226 (base 7) to base 11
-38a
14b4 (base 12) to base 2
100110001000
What is 28384 (base 9) in base 13?
8a07
What is 3cb (base 14) in base 4?
23333
7988 (base 12) to base 5
412441
What is -6818 (base 10) in base 16?
-1aa2
129 (base 12) to base 10
177
Convert -12100210 (base 3) to base 12.
-2319
Convert -11340 (base 5) to base 2.
-1101001101
111c4 (base 13) to base 5
1443322
Convert -277e (base 15) to base 13.
-3ac7
What is -a8a0 (base 12) in base 7?
-105042
What is -110011000 (base 3) in base 4?
-2022120
Convert -111220002 (base 3) to base 15.
-3002
Convert -2570 (base 8) to base 5.
-21100
Convert -42fb (base 16) to base 15.
-5132
-532 (base 15) to base 12
-818
Convert b54 (base 13) to base 9.
2572
Convert 33031 (base 6) to base 14.
1935
-2466 (base 7) to base 11
-776
What is -2334 (base 5) in base 3?
-110202
What is 231 (base 14) in base 6?
2003
Convert -1101011100110 (base 2) to base 13.
-3199
Convert -1147 (base 11) to base 14.
-795
Convert -58dd (base 15) to base 13.
-8797
3231 (base 4) to base 14
12d
What is -2121 (base 3) in base 8?
-106
What is -db (base 16) in base 15?
-e9
Convert 7920 (base 10) to base 3.
101212100
What is 763 (base 9) in base 10?
624
What is -523 (base 14) in base 2?
-1111110011
What is -7101 (base 12) in base 8?
-27721
1781 (base 12) to base 13
139c
-5162 (base 9) to base 3
-12012002
What is -4b88 (base 13) in base 12?
-6287
11245 (base 7) to base 10
2875
Convert -2a21 (base 13) to base 16.
-17df
What is 141003 (base 5) in base 7?
22526
Convert -1441 (base 9) to base 2.
-10001000010
What is 1010001011 (base 2) in base 4?
22023
Convert 7c56 (base 13) to base 9.
25870
110010111101000 (base 2) to base 5
1313323
What is -126270 (base 8) in base 12?
-21708
Convert 1814 (base 15) to base 10.
5194
Convert -456 (base 10) to base 16.
-1c8
What is a97 (base 11) in base 12?
918
-12f (base 16) to base 4
-10233
Convert -3344 (base 5) to base 16.
-1da
Convert -12266 (base 11) to base 2.
-100010011010001
-1010111100000000 (base 2) to base 10
-44800
-1005223 (base 6) to base 10
-47823
-2c0 (base 16) to base 3
-222002
-10465 (base 15) to base 2
-1100100110100100
What is 1110000000100 (base 2) in base 13?
3359
-30310 (base 4) to base 15
-39a
-36a8 (base 11) to base 9
-6564
Convert -11111011110 (base 2) to base 5.
-31024
-2745 (base 11) to base 12
-2086
22716 (base 9) to base 13
6b94
Convert -11000011110000 (base 2) to base 9.
-18160
1662 (base 8) to base 3
1022001
What is -20650 (base 8) in base 15?
-2846
What is 87036 (base 9) in base 4?
32010120
Convert 11042 (base 8) to base 7.
16351
104314 (base 6) to base 10
8758
What is 1143 (base 12) in base 5?
30143
Convert -1828 (base 10) to base 6.
-12244
What is -4356 (base 10) in base 4?
-1010010
What is 12110 (base 4) in base 3?
112222
Convert a20d (base 14) to base 5.
1342340
-11101111110 (base 2) to base 10
-1918
1962 (base 15) to base 7
22004
Convert -10416 (base 10) to base 15.
-3146
What is -23b0 (base 14) in base 3?
-22112202
Convert 23 (base 7) to base 9.
18
What is 95 (base 15) in base 13?
aa
-1d7 (base 15) to base 8
-653
20095 (base 10) to base 6
233011
1b5a (base 13) to base 15
1356
Convert -33788 (base 9) to base 12.
-11045
What is -244310 (base 5) in base 14?
-3586
What is -572 (base 10) in base 15?
-282
a454 (base 11) to base 15
4188
Convert 1110302 (base 4) to base 10.
5426
312a (base 15) to base 2
10100010010110
201000012 (base 3) to base 10
13856
-21e (base 15) to base 11
-3a6
What is 963c (base 15) in base 16?
7c26
What is -c333 (base 13) in base 9?
-40823
a4ad (base 15) to base 7
203332
What is -2022232 (base 4) in base 7?
-34612
Convert 974 (base 11) to base 9.
1540
What is 25ab (base 12) in base 7?
15362
-31333 (base 7) to base 3
-101120211
-250 (base 6) to base 10
-102
1ba9 (base 14) to base 12
2b09
What is 111012 (base 3) in base 5?
2411
2a6 (base 11) to base 15
18d
Convert 3002020 (base 4) to base 8.
30210
Convert 7b (base 14) to base 2.
1101101
What is -134 (base 13) in base 4?
-3110
Convert -31201 (base 4) to base 5.
-11430
Convert -28526 (base 11) to base 5.
-2244223
What is 2021110221 (base 3) in base 10?
44818
Convert -230022 (base 4) to base 12.
-1776
What is -4b (base 15) in base 9?
-78
102302 (base 4) to base 15
552
-629 (base 13) to base 5
-13144
-66214 (base 7) to base 8
-40275
What is e2 (base 16) in base 12?
16a
-e1d4 (base 15) to base 8
-135072
What is 23123 (base 5) in base 2?
11001111111
What is 3322 (base 5) in base 15?
20c
What is -1200101200 (base 3) in base 10?
-33093
What is 3170 (base 8) in base 3?
2021100
88 (base 15) to base 5
1003
What is -71340 (base 9) in base 16?
-b757
Convert 28850 (base 12) to base 6.
1113340
2837 (base 11) to base 8
7126
What is -4312 (base 9) in base 11?
-2422
Convert a8 (base 15) to base 6.
422
What is 20000221 (base 3) in base 11?
333a
What is 242 (base 13) in base 12?
288
Convert -101110000111011 (base 2) to base 6.
-301151
Convert -3065 (base 10) to base 2.
-101111111001
What is -625 (base 15) in base 6?
-10225
Convert 2301 (base 9) to base 16.
6a6
Convert -11200 (base 5) to base 12.
-568
3409 (base 13) to base 15
2251
Convert -14032 (base 8) to base 5.
-144140
What is -3123 (base 5) in base 9?
-508
3767 (base 11) to base 10
4913
Convert 2517 (base 11) to base 16.
cd5
Convert -768 (base 15) to base 8.
-3211
Convert 28c (base 15) to base 13.
35a
What is -1516 (base 10) in base 5?
-22031
What is -100100000011 (base 2) in base 13?
-1086
What is -6015 (base 9) in base 13?
-1cc7
Convert -4854 (base 10) to base 14.
-1aaa
-3256 (base 11) to base 15
-1416
Convert -9d1 (base 14) to base 2.
-11110011011
Convert -1011100 (base 3) to base 7.
-2316
Convert 11101101000001 (base 2) to base 15.
4764
What is 22433 (base 5) in base 13?
976
What is -26460 (base 11) in base 8?
-111672
Convert -1110101010100001 (base 2) to base 12.
-2a915
What is 100011110 (base 2) in base 6?
1154
Convert -55 (base 12) to base 10.
-65
Convert -c80 (base 16) to base 5.
-100300
Convert 42823 (base 10) to base 15.
ca4d
Convert 10220